{"id":161,"date":"2016-10-25T15:19:54","date_gmt":"2016-10-25T15:19:54","guid":{"rendered":"http:\/\/lawyer2.mythemecloud.io\/?page_id=161"},"modified":"2023-09-29T16:23:30","modified_gmt":"2023-09-29T19:23:30","slug":"home","status":"publish","type":"page","link":"http:\/\/jorgemartelinhodeouro.com\/","title":{"rendered":"JORGE MARTELINHO DE OURO \/ (43) 99914-7272 \/ MARTELINHO DE OURO LONDRINA \/"},"content":{"rendered":"\t\t<div data-elementor-type=\"wp-page\" data-elementor-id=\"161\" class=\"elementor elementor-161\">\n\t\t\t\t\t\t\t\t\t<section class=\"elementor-section elementor-top-section elementor-element elementor-element-15f4bf4 elementor-section-full_width elementor-section-height-default elementor-section-height-default\" data-id=\"15f4bf4\" data-element_type=\"section\">\n\t\t\t\t\t\t<div class=\"elementor-container elementor-column-gap-no\">\n\t\t\t\t\t<div class=\"elementor-column elementor-col-100 elementor-top-column elementor-element elementor-element-ac40f41\" data-id=\"ac40f41\" data-element_type=\"column\">\n\t\t\t<div class=\"elementor-widget-wrap elementor-element-populated\">\n\t\t\t\t\t\t\t\t<div class=\"elementor-element elementor-element-9285745 elementor-widget elementor-widget-image\" data-id=\"9285745\" data-element_type=\"widget\" data-widget_type=\"image.default\">\n\t\t\t\t<div class=\"elementor-widget-container\">\n\t\t\t\t\t\t\t\t\t\t\t\t\t\t\t<img decoding=\"async\" loading=\"lazy\" width=\"1389\" height=\"522\" src=\"http:\/\/jorgemartelinhodeouro.com\/wp-content\/uploads\/2021\/03\/martelinho-de-ouro.jpg\" class=\"attachment-full size-full wp-image-769\" alt=\"\" srcset=\"http:\/\/jorgemartelinhodeouro.com\/wp-content\/uploads\/2021\/03\/martelinho-de-ouro.jpg 1389w, http:\/\/jorgemartelinhodeouro.com\/wp-content\/uploads\/2021\/03\/martelinho-de-ouro-300x113.jpg 300w, http:\/\/jorgemartelinhodeouro.com\/wp-content\/uploads\/2021\/03\/martelinho-de-ouro-1024x385.jpg 1024w, http:\/\/jorgemartelinhodeouro.com\/wp-content\/uploads\/2021\/03\/martelinho-de-ouro-768x289.jpg 768w\" sizes=\"(max-width: 1389px) 100vw, 1389px\" \/>\t\t\t\t\t\t\t\t\t\t\t\t\t\t\t<\/div>\n\t\t\t\t<\/div>\n\t\t\t\t\t<\/div>\n\t\t<\/div>\n\t\t\t\t\t\t\t<\/div>\n\t\t<\/section>\n\t\t\t\t<section class=\"elementor-section elementor-top-section elementor-element elementor-element-1798e33 elementor-section-full_width elementor-section-height-default elementor-section-height-default\" data-id=\"1798e33\" data-element_type=\"section\">\n\t\t\t\t\t\t<div class=\"elementor-container elementor-column-gap-no\">\n\t\t\t\t\t<div class=\"elementor-column elementor-col-100 elementor-top-column elementor-element elementor-element-f5c2294\" data-id=\"f5c2294\" data-element_type=\"column\">\n\t\t\t<div class=\"elementor-widget-wrap elementor-element-populated\">\n\t\t\t\t\t\t\t\t<div class=\"elementor-element elementor-element-7c6b493 elementor-widget elementor-widget-spacer\" data-id=\"7c6b493\" data-element_type=\"widget\" data-widget_type=\"spacer.default\">\n\t\t\t\t<div class=\"elementor-widget-container\">\n\t\t\t\t\t<div class=\"elementor-spacer\">\n\t\t\t<div class=\"elementor-spacer-inner\"><\/div>\n\t\t<\/div>\n\t\t\t\t<\/div>\n\t\t\t\t<\/div>\n\t\t\t\t<div class=\"elementor-element elementor-element-a7ef0c5 elementor-widget elementor-widget-heading\" data-id=\"a7ef0c5\" data-element_type=\"widget\" data-widget_type=\"heading.default\">\n\t\t\t\t<div class=\"elementor-widget-container\">\n\t\t\t<h2 class=\"elementor-heading-title elementor-size-default\">SERVI\u00c7OS<\/h2>\t\t<\/div>\n\t\t\t\t<\/div>\n\t\t\t\t<section class=\"elementor-section elementor-inner-section elementor-element elementor-element-bb102be elementor-section-boxed elementor-section-height-default elementor-section-height-default\" data-id=\"bb102be\" data-element_type=\"section\">\n\t\t\t\t\t\t<div class=\"elementor-container elementor-column-gap-default\">\n\t\t\t\t\t<div class=\"elementor-column elementor-col-50 elementor-inner-column elementor-element elementor-element-285dd9c\" data-id=\"285dd9c\" data-element_type=\"column\">\n\t\t\t<div class=\"elementor-widget-wrap elementor-element-populated\">\n\t\t\t\t\t\t\t\t<div class=\"elementor-element elementor-element-731b429 elementor-widget elementor-widget-text-editor\" data-id=\"731b429\" data-element_type=\"widget\" data-widget_type=\"text-editor.default\">\n\t\t\t\t<div class=\"elementor-widget-container\">\n\t\t\t\t\t\t\t<p>O Martelinho de Ouro \u00e9 uma t\u00e9cnica que consiste em desamassar a lataria do autom\u00f3vel sem precisar repintar, proporcionando bom reparo e deixando uma est\u00e9tica impec\u00e1vel. O Martelinho de Ouro\u00a0 \u00e9 indicado para pequenos amassados e arranh\u00f5es.<\/p><p>Por meio de um kit completo de ferramentas especiais e t\u00e9cnicos altamente qualificados e eficientes para realiza\u00e7\u00e3o do servi\u00e7o, que \u00e9 100% artesanal, seu carro sai da oficina em perfeito estado. Voc\u00ea n\u00e3o vai encontrar qualquer vest\u00edgio do dano na lataria.\u00a0Tudo isso com um pre\u00e7o justo e acess\u00edvel, que cabe no seu bolso.<\/p>\t\t\t\t\t\t<\/div>\n\t\t\t\t<\/div>\n\t\t\t\t\t<\/div>\n\t\t<\/div>\n\t\t\t\t<div class=\"elementor-column elementor-col-50 elementor-inner-column elementor-element elementor-element-9f1f13d\" data-id=\"9f1f13d\" data-element_type=\"column\">\n\t\t\t<div class=\"elementor-widget-wrap elementor-element-populated\">\n\t\t\t\t\t\t\t\t<div class=\"elementor-element elementor-element-7b6314e elementor-widget elementor-widget-image\" data-id=\"7b6314e\" data-element_type=\"widget\" data-widget_type=\"image.default\">\n\t\t\t\t<div class=\"elementor-widget-container\">\n\t\t\t\t\t\t\t\t\t\t\t\t\t\t\t<img decoding=\"async\" loading=\"lazy\" width=\"689\" height=\"432\" src=\"http:\/\/jorgemartelinhodeouro.com\/wp-content\/uploads\/2023\/05\/martelinho-de-ouro.jpg\" class=\"attachment-large size-large wp-image-936\" alt=\"\" srcset=\"http:\/\/jorgemartelinhodeouro.com\/wp-content\/uploads\/2023\/05\/martelinho-de-ouro.jpg 689w, http:\/\/jorgemartelinhodeouro.com\/wp-content\/uploads\/2023\/05\/martelinho-de-ouro-300x188.jpg 300w\" sizes=\"(max-width: 689px) 100vw, 689px\" \/>\t\t\t\t\t\t\t\t\t\t\t\t\t\t\t<\/div>\n\t\t\t\t<\/div>\n\t\t\t\t\t<\/div>\n\t\t<\/div>\n\t\t\t\t\t\t\t<\/div>\n\t\t<\/section>\n\t\t\t\t<div class=\"elementor-element elementor-element-17d008a elementor-widget elementor-widget-spacer\" data-id=\"17d008a\" data-element_type=\"widget\" data-widget_type=\"spacer.default\">\n\t\t\t\t<div class=\"elementor-widget-container\">\n\t\t\t\t\t<div class=\"elementor-spacer\">\n\t\t\t<div class=\"elementor-spacer-inner\"><\/div>\n\t\t<\/div>\n\t\t\t\t<\/div>\n\t\t\t\t<\/div>\n\t\t\t\t<div class=\"elementor-element elementor-element-bc86400 elementor-widget elementor-widget-spacer\" data-id=\"bc86400\" data-element_type=\"widget\" data-widget_type=\"spacer.default\">\n\t\t\t\t<div class=\"elementor-widget-container\">\n\t\t\t\t\t<div class=\"elementor-spacer\">\n\t\t\t<div class=\"elementor-spacer-inner\"><\/div>\n\t\t<\/div>\n\t\t\t\t<\/div>\n\t\t\t\t<\/div>\n\t\t\t\t\t<\/div>\n\t\t<\/div>\n\t\t\t\t\t\t\t<\/div>\n\t\t<\/section>\n\t\t\t\t<section class=\"elementor-section elementor-top-section elementor-element elementor-element-58724e0 elementor-section-full_width elementor-section-height-default elementor-section-height-default\" data-id=\"58724e0\" data-element_type=\"section\">\n\t\t\t\t\t\t<div class=\"elementor-container elementor-column-gap-no\">\n\t\t\t\t\t<div class=\"elementor-column elementor-col-100 elementor-top-column elementor-element elementor-element-6029dc3\" data-id=\"6029dc3\" data-element_type=\"column\">\n\t\t\t<div class=\"elementor-widget-wrap elementor-element-populated\">\n\t\t\t\t\t\t\t\t<div class=\"elementor-element elementor-element-b9def97 elementor-widget elementor-widget-spacer\" data-id=\"b9def97\" data-element_type=\"widget\" data-widget_type=\"spacer.default\">\n\t\t\t\t<div class=\"elementor-widget-container\">\n\t\t\t\t\t<div class=\"elementor-spacer\">\n\t\t\t<div class=\"elementor-spacer-inner\"><\/div>\n\t\t<\/div>\n\t\t\t\t<\/div>\n\t\t\t\t<\/div>\n\t\t\t\t\t<\/div>\n\t\t<\/div>\n\t\t\t\t\t\t\t<\/div>\n\t\t<\/section>\n\t\t\t\t<section class=\"elementor-section elementor-top-section elementor-element elementor-element-694bc098 elementor-section-full_width elementor-section-height-default elementor-section-height-default\" data-id=\"694bc098\" data-element_type=\"section\" data-settings=\"{&quot;background_background&quot;:&quot;classic&quot;}\">\n\t\t\t\t\t\t<div class=\"elementor-container elementor-column-gap-default\">\n\t\t\t\t\t<div class=\"elementor-column elementor-col-100 elementor-top-column elementor-element elementor-element-46a09f75\" data-id=\"46a09f75\" data-element_type=\"column\" data-settings=\"{&quot;background_background&quot;:&quot;classic&quot;}\">\n\t\t\t<div class=\"elementor-widget-wrap elementor-element-populated\">\n\t\t\t\t\t\t\t\t<div class=\"elementor-element elementor-element-16f6d4fa elementor-widget elementor-widget-heading\" data-id=\"16f6d4fa\" data-element_type=\"widget\" data-widget_type=\"heading.default\">\n\t\t\t\t<div class=\"elementor-widget-container\">\n\t\t\t<h2 class=\"elementor-heading-title elementor-size-large\">QUEM SOMOS<\/h2>\t\t<\/div>\n\t\t\t\t<\/div>\n\t\t\t\t<div class=\"elementor-element elementor-element-7946b6d6 elementor-widget elementor-widget-text-editor\" data-id=\"7946b6d6\" data-element_type=\"widget\" data-widget_type=\"text-editor.default\">\n\t\t\t\t<div class=\"elementor-widget-container\">\n\t\t\t\t\t\t\t<p><span style=\"color: #ffffff;\"><strong>O Martelinho de Ouro \u00e9 uma empresa bem conceituada que atua h\u00e1 mais de 21 anos no mercado. Somos uma equipe diferenciada, n\u00e3o s\u00f3 por termos os melhores e mais capacitados profissionais, mas tamb\u00e9m por que somos um dos pioneiros na arte do desamassado, com especialidade em granizo em ve\u00edculos nacionais e importados, com total qualidade, garantia e seguran\u00e7a nos trabalhos executados.<\/strong><\/span><\/p>\t\t\t\t\t\t<\/div>\n\t\t\t\t<\/div>\n\t\t\t\t\t<\/div>\n\t\t<\/div>\n\t\t\t\t\t\t\t<\/div>\n\t\t<\/section>\n\t\t\t\t<section class=\"elementor-section elementor-top-section elementor-element elementor-element-620d348b elementor-section-full_width elementor-section-height-default elementor-section-height-default\" data-id=\"620d348b\" data-element_type=\"section\" data-settings=\"{&quot;background_background&quot;:&quot;classic&quot;}\">\n\t\t\t\t\t\t<div class=\"elementor-container elementor-column-gap-no\">\n\t\t\t\t\t<div class=\"elementor-column elementor-col-100 elementor-top-column elementor-element elementor-element-45b493f1\" data-id=\"45b493f1\" data-element_type=\"column\" data-settings=\"{&quot;background_background&quot;:&quot;classic&quot;}\">\n\t\t\t<div class=\"elementor-widget-wrap elementor-element-populated\">\n\t\t\t\t\t\t\t\t<div class=\"elementor-element elementor-element-5b6875b2 elementor-widget elementor-widget-heading\" data-id=\"5b6875b2\" data-element_type=\"widget\" data-widget_type=\"heading.default\">\n\t\t\t\t<div class=\"elementor-widget-container\">\n\t\t\t<h3 class=\"elementor-heading-title elementor-size-large\">contato<\/h3>\t\t<\/div>\n\t\t\t\t<\/div>\n\t\t\t\t<section class=\"elementor-section elementor-inner-section elementor-element elementor-element-14b32971 elementor-section-boxed elementor-section-height-default elementor-section-height-default\" data-id=\"14b32971\" data-element_type=\"section\">\n\t\t\t\t\t\t<div class=\"elementor-container elementor-column-gap-default\">\n\t\t\t\t\t<div class=\"elementor-column elementor-col-33 elementor-inner-column elementor-element elementor-element-2e0121b4\" data-id=\"2e0121b4\" data-element_type=\"column\">\n\t\t\t<div class=\"elementor-widget-wrap elementor-element-populated\">\n\t\t\t\t\t\t\t\t<div class=\"elementor-element elementor-element-302e157 elementor-widget elementor-widget-spacer\" data-id=\"302e157\" data-element_type=\"widget\" data-widget_type=\"spacer.default\">\n\t\t\t\t<div class=\"elementor-widget-container\">\n\t\t\t\t\t<div class=\"elementor-spacer\">\n\t\t\t<div class=\"elementor-spacer-inner\"><\/div>\n\t\t<\/div>\n\t\t\t\t<\/div>\n\t\t\t\t<\/div>\n\t\t\t\t<div class=\"elementor-element elementor-element-99ba58b elementor-view-default elementor-position-top elementor-mobile-position-top elementor-widget elementor-widget-icon-box\" data-id=\"99ba58b\" data-element_type=\"widget\" data-widget_type=\"icon-box.default\">\n\t\t\t\t<div class=\"elementor-widget-container\">\n\t\t\t\t\t<div class=\"elementor-icon-box-wrapper\">\n\t\t\t\t\t\t<div class=\"elementor-icon-box-icon\">\n\t\t\t\t<span  class=\"elementor-icon elementor-animation-\">\n\t\t\t\t<i aria-hidden=\"true\" class=\"fas fa-home\"><\/i>\t\t\t\t<\/span>\n\t\t\t<\/div>\n\t\t\t\t\t\t<div class=\"elementor-icon-box-content\">\n\t\t\t\t<h3 class=\"elementor-icon-box-title\">\n\t\t\t\t\t<span  >\n\t\t\t\t\t\t(43) 99914-7272\t\t\t\t\t<\/span>\n\t\t\t\t<\/h3>\n\t\t\t\t\t\t\t<\/div>\n\t\t<\/div>\n\t\t\t\t<\/div>\n\t\t\t\t<\/div>\n\t\t\t\t\t<\/div>\n\t\t<\/div>\n\t\t\t\t<div class=\"elementor-column elementor-col-33 elementor-inner-column elementor-element elementor-element-152e296e\" data-id=\"152e296e\" data-element_type=\"column\">\n\t\t\t<div class=\"elementor-widget-wrap elementor-element-populated\">\n\t\t\t\t\t\t\t\t<div class=\"elementor-element elementor-element-25a860f7 elementor-view-default elementor-position-top elementor-mobile-position-top elementor-widget elementor-widget-icon-box\" data-id=\"25a860f7\" data-element_type=\"widget\" data-widget_type=\"icon-box.default\">\n\t\t\t\t<div class=\"elementor-widget-container\">\n\t\t\t\t\t<div class=\"elementor-icon-box-wrapper\">\n\t\t\t\t\t\t<div class=\"elementor-icon-box-icon\">\n\t\t\t\t<span  class=\"elementor-icon elementor-animation-\">\n\t\t\t\t<i aria-hidden=\"true\" class=\"fas fa-phone\"><\/i>\t\t\t\t<\/span>\n\t\t\t<\/div>\n\t\t\t\t\t\t<div class=\"elementor-icon-box-content\">\n\t\t\t\t<h3 class=\"elementor-icon-box-title\">\n\t\t\t\t\t<span  >\n\t\t\t\t\t\tR. Leblon, 89 - Ipanema, Londrina - PR, 86015-210\t\t\t\t\t<\/span>\n\t\t\t\t<\/h3>\n\t\t\t\t\t\t\t<\/div>\n\t\t<\/div>\n\t\t\t\t<\/div>\n\t\t\t\t<\/div>\n\t\t\t\t\t<\/div>\n\t\t<\/div>\n\t\t\t\t<div class=\"elementor-column elementor-col-33 elementor-inner-column elementor-element elementor-element-1cf1ce5f\" data-id=\"1cf1ce5f\" data-element_type=\"column\">\n\t\t\t<div class=\"elementor-widget-wrap elementor-element-populated\">\n\t\t\t\t\t\t\t\t<div class=\"elementor-element elementor-element-93830eb elementor-widget elementor-widget-spacer\" data-id=\"93830eb\" data-element_type=\"widget\" data-widget_type=\"spacer.default\">\n\t\t\t\t<div class=\"elementor-widget-container\">\n\t\t\t\t\t<div class=\"elementor-spacer\">\n\t\t\t<div class=\"elementor-spacer-inner\"><\/div>\n\t\t<\/div>\n\t\t\t\t<\/div>\n\t\t\t\t<\/div>\n\t\t\t\t<div class=\"elementor-element elementor-element-66a81e56 elementor-view-default elementor-position-top elementor-mobile-position-top elementor-widget elementor-widget-icon-box\" data-id=\"66a81e56\" data-element_type=\"widget\" data-widget_type=\"icon-box.default\">\n\t\t\t\t<div class=\"elementor-widget-container\">\n\t\t\t\t\t<div class=\"elementor-icon-box-wrapper\">\n\t\t\t\t\t\t<div class=\"elementor-icon-box-icon\">\n\t\t\t\t<span  class=\"elementor-icon elementor-animation-\">\n\t\t\t\t<i aria-hidden=\"true\" class=\"fas fa-envelope\"><\/i>\t\t\t\t<\/span>\n\t\t\t<\/div>\n\t\t\t\t\t\t<div class=\"elementor-icon-box-content\">\n\t\t\t\t<h3 class=\"elementor-icon-box-title\">\n\t\t\t\t\t<span  >\n\t\t\t\t\t\tmartelinho.jorge@hotmail.com\t\t\t\t\t<\/span>\n\t\t\t\t<\/h3>\n\t\t\t\t\t\t\t<\/div>\n\t\t<\/div>\n\t\t\t\t<\/div>\n\t\t\t\t<\/div>\n\t\t\t\t\t<\/div>\n\t\t<\/div>\n\t\t\t\t\t\t\t<\/div>\n\t\t<\/section>\n\t\t\t\t<div class=\"elementor-element elementor-element-1272d06 elementor-widget elementor-widget-google_maps\" data-id=\"1272d06\" data-element_type=\"widget\" data-widget_type=\"google_maps.default\">\n\t\t\t\t<div class=\"elementor-widget-container\">\n\t\t\t\t\t<div class=\"elementor-custom-embed\">\n\t\t\t<iframe loading=\"lazy\"\n\t\t\t\t\tsrc=\"https:\/\/maps.google.com\/maps?q=R.%20Leblon%2C%2089%20-%20IpanemaLondrina%20-%20PR%2C%2086015-210&#038;t=m&#038;z=14&#038;output=embed&#038;iwloc=near\"\n\t\t\t\t\ttitle=\"R. Leblon, 89 - IpanemaLondrina - PR, 86015-210\"\n\t\t\t\t\taria-label=\"R. Leblon, 89 - IpanemaLondrina - PR, 86015-210\"\n\t\t\t><\/iframe>\n\t\t<\/div>\n\t\t\t\t<\/div>\n\t\t\t\t<\/div>\n\t\t\t\t\t<\/div>\n\t\t<\/div>\n\t\t\t\t\t\t\t<\/div>\n\t\t<\/section>\n\t\t\t\t\t\t\t<\/div>\n\t\t","protected":false},"excerpt":{"rendered":"<p>SERVI\u00c7OS O Martelinho de Ouro \u00e9 uma t\u00e9cnica que consiste em desamassar a lataria do autom\u00f3vel sem precisar repintar, proporcionando bom reparo e deixando uma est\u00e9tica impec\u00e1vel. O Martelinho de Ouro\u00a0 \u00e9 indicado para pequenos amassados e arranh\u00f5es. Por meio de um kit completo de ferramentas especiais e t\u00e9cnicos altamente qualificados e eficientes para realiza\u00e7\u00e3o [&hellip;]<\/p>\n","protected":false},"author":1,"featured_media":0,"parent":0,"menu_order":0,"comment_status":"closed","ping_status":"closed","template":"","meta":{"footnotes":""},"yoast_head":"<!-- This site is optimized with the Yoast SEO plugin v21.2 - https:\/\/yoast.com\/wordpress\/plugins\/seo\/ -->\n<title>JORGE MARTELINHO DE OURO \/ (43) 99914-7272 \/ MARTELINHO DE OURO LONDRINA \/ - MARTELINHO DE OURO LONDRINA \/ FUNILARIA E PINTURA LONDRINA<\/title>\n<meta name=\"description\" content=\"MARTELINHO DE OURO LONDRINA \/ FUNILARIA E PINTURA LONDRINA HIDRATA\u00c7\u00c3O DE COURO VITIRIFICA\u00c7\u00c3O CRISTALIZA\u00c7\u00c3O HIGIENIZA\u00c7\u00c3O INTERNA POLIMENTO AUTOMOTIVO RECUPERA\u00c7\u00c3O PARACHOQUE\u00a0\" \/>\n<meta name=\"robots\" content=\"index, follow, max-snippet:-1, max-image-preview:large, max-video-preview:-1\" \/>\n<link rel=\"canonical\" href=\"http:\/\/jorgemartelinhodeouro.com\/\" \/>\n<meta property=\"og:locale\" content=\"pt_BR\" \/>\n<meta property=\"og:type\" content=\"article\" \/>\n<meta property=\"og:title\" content=\"JORGE MARTELINHO DE OURO \/ (43) 99914-7272 \/ MARTELINHO DE OURO LONDRINA \/ - MARTELINHO DE OURO LONDRINA \/ FUNILARIA E PINTURA LONDRINA\" \/>\n<meta property=\"og:description\" content=\"MARTELINHO DE OURO LONDRINA \/ FUNILARIA E PINTURA LONDRINA HIDRATA\u00c7\u00c3O DE COURO VITIRIFICA\u00c7\u00c3O CRISTALIZA\u00c7\u00c3O HIGIENIZA\u00c7\u00c3O INTERNA POLIMENTO AUTOMOTIVO RECUPERA\u00c7\u00c3O PARACHOQUE\u00a0\" \/>\n<meta property=\"og:url\" content=\"http:\/\/jorgemartelinhodeouro.com\/\" \/>\n<meta property=\"og:site_name\" content=\"MARTELINHO DE OURO LONDRINA \/ FUNILARIA E PINTURA LONDRINA\" \/>\n<meta property=\"article:modified_time\" content=\"2023-09-29T19:23:30+00:00\" \/>\n<meta property=\"og:image\" content=\"http:\/\/jorgemartelinhodeouro.com\/wp-content\/uploads\/2021\/03\/martelinho-de-ouro.jpg\" \/>\n<meta name=\"twitter:card\" content=\"summary_large_image\" \/>\n<meta name=\"twitter:label1\" content=\"Est. tempo de leitura\" \/>\n\t<meta name=\"twitter:data1\" content=\"2 minutos\" \/>\n<script type=\"application\/ld+json\" class=\"yoast-schema-graph\">{\"@context\":\"https:\/\/schema.org\",\"@graph\":[{\"@type\":\"WebPage\",\"@id\":\"http:\/\/jorgemartelinhodeouro.com\/\",\"url\":\"http:\/\/jorgemartelinhodeouro.com\/\",\"name\":\"JORGE MARTELINHO DE OURO \/ (43) 99914-7272 \/ MARTELINHO DE OURO LONDRINA \/ - MARTELINHO DE OURO LONDRINA \/ FUNILARIA E PINTURA LONDRINA\",\"isPartOf\":{\"@id\":\"http:\/\/jorgemartelinhodeouro.com\/#website\"},\"datePublished\":\"2016-10-25T15:19:54+00:00\",\"dateModified\":\"2023-09-29T19:23:30+00:00\",\"description\":\"MARTELINHO DE OURO LONDRINA \/ FUNILARIA E PINTURA LONDRINA HIDRATA\u00c7\u00c3O DE COURO VITIRIFICA\u00c7\u00c3O CRISTALIZA\u00c7\u00c3O HIGIENIZA\u00c7\u00c3O INTERNA POLIMENTO AUTOMOTIVO RECUPERA\u00c7\u00c3O PARACHOQUE\u00a0\",\"breadcrumb\":{\"@id\":\"http:\/\/jorgemartelinhodeouro.com\/#breadcrumb\"},\"inLanguage\":\"pt-BR\",\"potentialAction\":[{\"@type\":\"ReadAction\",\"target\":[\"http:\/\/jorgemartelinhodeouro.com\/\"]}]},{\"@type\":\"BreadcrumbList\",\"@id\":\"http:\/\/jorgemartelinhodeouro.com\/#breadcrumb\",\"itemListElement\":[{\"@type\":\"ListItem\",\"position\":1,\"name\":\"In\u00edcio\",\"item\":\"http:\/\/jorgemartelinhodeouro.com\/\"},{\"@type\":\"ListItem\",\"position\":2,\"name\":\"JORGE MARTELINHO DE OURO \/ (43) 99914-7272 \/ MARTELINHO DE OURO LONDRINA \/\"}]},{\"@type\":\"WebSite\",\"@id\":\"http:\/\/jorgemartelinhodeouro.com\/#website\",\"url\":\"http:\/\/jorgemartelinhodeouro.com\/\",\"name\":\"MARTELINHO DE OURO LONDRINA \/ FUNILARIA E PINTURA LONDRINA\",\"description\":\"S\u00f3 mais um site WordPress\",\"potentialAction\":[{\"@type\":\"SearchAction\",\"target\":{\"@type\":\"EntryPoint\",\"urlTemplate\":\"http:\/\/jorgemartelinhodeouro.com\/?s={search_term_string}\"},\"query-input\":\"required name=search_term_string\"}],\"inLanguage\":\"pt-BR\"}]}<\/script>\n<!-- \/ Yoast SEO plugin. -->","yoast_head_json":{"title":"JORGE MARTELINHO DE OURO \/ (43) 99914-7272 \/ MARTELINHO DE OURO LONDRINA \/ - MARTELINHO DE OURO LONDRINA \/ FUNILARIA E PINTURA LONDRINA","description":"MARTELINHO DE OURO LONDRINA \/ FUNILARIA E PINTURA LONDRINA HIDRATA\u00c7\u00c3O DE COURO VITIRIFICA\u00c7\u00c3O CRISTALIZA\u00c7\u00c3O HIGIENIZA\u00c7\u00c3O INTERNA POLIMENTO AUTOMOTIVO RECUPERA\u00c7\u00c3O PARACHOQUE\u00a0","robots":{"index":"index","follow":"follow","max-snippet":"max-snippet:-1","max-image-preview":"max-image-preview:large","max-video-preview":"max-video-preview:-1"},"canonical":"http:\/\/jorgemartelinhodeouro.com\/","og_locale":"pt_BR","og_type":"article","og_title":"JORGE MARTELINHO DE OURO \/ (43) 99914-7272 \/ MARTELINHO DE OURO LONDRINA \/ - MARTELINHO DE OURO LONDRINA \/ FUNILARIA E PINTURA LONDRINA","og_description":"MARTELINHO DE OURO LONDRINA \/ FUNILARIA E PINTURA LONDRINA HIDRATA\u00c7\u00c3O DE COURO VITIRIFICA\u00c7\u00c3O CRISTALIZA\u00c7\u00c3O HIGIENIZA\u00c7\u00c3O INTERNA POLIMENTO AUTOMOTIVO RECUPERA\u00c7\u00c3O PARACHOQUE\u00a0","og_url":"http:\/\/jorgemartelinhodeouro.com\/","og_site_name":"MARTELINHO DE OURO LONDRINA \/ FUNILARIA E PINTURA LONDRINA","article_modified_time":"2023-09-29T19:23:30+00:00","og_image":[{"url":"http:\/\/jorgemartelinhodeouro.com\/wp-content\/uploads\/2021\/03\/martelinho-de-ouro.jpg"}],"twitter_card":"summary_large_image","twitter_misc":{"Est. tempo de leitura":"2 minutos"},"schema":{"@context":"https:\/\/schema.org","@graph":[{"@type":"WebPage","@id":"http:\/\/jorgemartelinhodeouro.com\/","url":"http:\/\/jorgemartelinhodeouro.com\/","name":"JORGE MARTELINHO DE OURO \/ (43) 99914-7272 \/ MARTELINHO DE OURO LONDRINA \/ - MARTELINHO DE OURO LONDRINA \/ FUNILARIA E PINTURA LONDRINA","isPartOf":{"@id":"http:\/\/jorgemartelinhodeouro.com\/#website"},"datePublished":"2016-10-25T15:19:54+00:00","dateModified":"2023-09-29T19:23:30+00:00","description":"MARTELINHO DE OURO LONDRINA \/ FUNILARIA E PINTURA LONDRINA HIDRATA\u00c7\u00c3O DE COURO VITIRIFICA\u00c7\u00c3O CRISTALIZA\u00c7\u00c3O HIGIENIZA\u00c7\u00c3O INTERNA POLIMENTO AUTOMOTIVO RECUPERA\u00c7\u00c3O PARACHOQUE\u00a0","breadcrumb":{"@id":"http:\/\/jorgemartelinhodeouro.com\/#breadcrumb"},"inLanguage":"pt-BR","potentialAction":[{"@type":"ReadAction","target":["http:\/\/jorgemartelinhodeouro.com\/"]}]},{"@type":"BreadcrumbList","@id":"http:\/\/jorgemartelinhodeouro.com\/#breadcrumb","itemListElement":[{"@type":"ListItem","position":1,"name":"In\u00edcio","item":"http:\/\/jorgemartelinhodeouro.com\/"},{"@type":"ListItem","position":2,"name":"JORGE MARTELINHO DE OURO \/ (43) 99914-7272 \/ MARTELINHO DE OURO LONDRINA \/"}]},{"@type":"WebSite","@id":"http:\/\/jorgemartelinhodeouro.com\/#website","url":"http:\/\/jorgemartelinhodeouro.com\/","name":"MARTELINHO DE OURO LONDRINA \/ FUNILARIA E PINTURA LONDRINA","description":"S\u00f3 mais um site WordPress","potentialAction":[{"@type":"SearchAction","target":{"@type":"EntryPoint","urlTemplate":"http:\/\/jorgemartelinhodeouro.com\/?s={search_term_string}"},"query-input":"required name=search_term_string"}],"inLanguage":"pt-BR"}]}},"_links":{"self":[{"href":"http:\/\/jorgemartelinhodeouro.com\/index.php\/wp-json\/wp\/v2\/pages\/161"}],"collection":[{"href":"http:\/\/jorgemartelinhodeouro.com\/index.php\/wp-json\/wp\/v2\/pages"}],"about":[{"href":"http:\/\/jorgemartelinhodeouro.com\/index.php\/wp-json\/wp\/v2\/types\/page"}],"author":[{"embeddable":true,"href":"http:\/\/jorgemartelinhodeouro.com\/index.php\/wp-json\/wp\/v2\/users\/1"}],"replies":[{"embeddable":true,"href":"http:\/\/jorgemartelinhodeouro.com\/index.php\/wp-json\/wp\/v2\/comments?post=161"}],"version-history":[{"count":181,"href":"http:\/\/jorgemartelinhodeouro.com\/index.php\/wp-json\/wp\/v2\/pages\/161\/revisions"}],"predecessor-version":[{"id":947,"href":"http:\/\/jorgemartelinhodeouro.com\/index.php\/wp-json\/wp\/v2\/pages\/161\/revisions\/947"}],"wp:attachment":[{"href":"http:\/\/jorgemartelinhodeouro.com\/index.php\/wp-json\/wp\/v2\/media?parent=161"}],"curies":[{"name":"wp","href":"https:\/\/api.w.org\/{rel}","templated":true}]}}